{"id":259,"date":"2012-11-27T11:31:02","date_gmt":"2012-11-27T10:31:02","guid":{"rendered":"http:\/\/www.pedagorisk.net\/enseignants\/?page_id=259"},"modified":"2013-10-10T14:02:26","modified_gmt":"2013-10-10T13:02:26","slug":"les-actions-de-prevention","status":"publish","type":"page","link":"http:\/\/www.pedagorisk.net\/enseignants\/college\/les-actions-de-prevention\/","title":{"rendered":"Les actions de pr\u00e9vention et de protection"},"content":{"rendered":"<p>&nbsp;<\/p>\n<p><a href=\"http:\/\/www.developpement-durable.gouv.fr\/Introduction,24018.html\" target=\"_blank\"><img loading=\"lazy\" class=\"alignleft size-full wp-image-1075\" alt=\"medde_prevention_risque\" src=\"http:\/\/www.pedagorisk.net\/enseignants\/wp-content\/uploads\/2012\/11\/medde_prevention_risque2.jpg\" width=\"150\" height=\"101\" \/>La politique de pr\u00e9vention des risques en France <\/a>: Le minist\u00e8re de l\u2019\u00c9cologie, du D\u00e9veloppement durable et de l\u2019Energie (MEDDE)\u00a0 intervient principalement pour la pr\u00e9vention, la protection, la r\u00e9duction des risques et l\u2019information pr\u00e9ventive.<\/p>\n<p>&nbsp;<\/p>\n<p>&nbsp;<\/p>\n<p><a href=\"http:\/\/www.developpement-durable.gouv.fr\/Reduction-de-la-vulnerabilite-et,24013.html\" target=\"_blank\"><img loading=\"lazy\" class=\"alignleft size-full wp-image-1122\" alt=\"medde_prevention_risque\" src=\"http:\/\/www.pedagorisk.net\/enseignants\/wp-content\/uploads\/2012\/11\/medde_prevention_risque3.jpg\" width=\"150\" height=\"101\" \/><\/a><a href=\"http:\/\/www.developpement-durable.gouv.fr\/Reduction-de-la-vulnerabilite-et,24013.html\" target=\"_blank\">La r\u00e9duction de la vuln\u00e9rabilit\u00e9<\/a> associ\u00e9e \u00e0 des mesures de protection, est une des composantes de la politique de pr\u00e9vention des risques men\u00e9e par le Minist\u00e8re de l&rsquo;Ecologie, du D\u00e9veloppement durable et de l&rsquo;Energie.<\/p>\n<p>&nbsp;<\/p>\n<p>&nbsp;<\/p>\n<p><a href=\"http:\/\/catalogue.prim.net\/163_la-demarche-francaise-de-prevention-des-risques-majeurs.html\" target=\"_blank\"><img loading=\"lazy\" class=\"alignleft size-full wp-image-1123\" alt=\"demarche_fr_prev_rm_prim\" src=\"http:\/\/www.pedagorisk.net\/enseignants\/wp-content\/uploads\/2012\/11\/demarche_fr_prev_rm_prim.jpg\" width=\"150\" height=\"101\" \/>La d\u00e9marche fran\u00e7aise de pr\u00e9vention des risques majeurs<\/a> (Mars 2011) : cet ouvrage r\u00e9alis\u00e9 par le MEDDE (Minist\u00e8re de l\u2019\u00c9cologie, du D\u00e9veloppement durable et de l\u2019Energie) pr\u00e9sente les axes de la politique de pr\u00e9vention des risques majeurs en France.<\/p>\n<p>&nbsp;<\/p>\n<p>&nbsp;<\/p>\n<p><img loading=\"lazy\" class=\"alignleft size-full wp-image-1142\" alt=\"irma_dossier_them_acteurs_risque\" src=\"http:\/\/www.pedagorisk.net\/enseignants\/wp-content\/uploads\/2012\/11\/irma_dossier_them_acteurs_risque1.jpg\" width=\"150\" height=\"101\" \/>Le dossier th\u00e9matique \u00ab\u00a0<a href=\"http:\/\/www.irma-grenoble.com\/05documentation\/04dossiers_articles.php?id_DTart=91&amp;id_DT=10\" target=\"_blank\">Les acteurs de la gestion des risques : Qui fait quoi <\/a>?\u00a0\u00bb d\u00e9crit les acteurs et leurs r\u00f4les \u00e0 tous les \u00e9chelons de la gestion des risques. (IRMa)<\/p>\n<p>&nbsp;<\/p>\n<p>&nbsp;<\/p>\n<p>&nbsp;<\/p>\n<p><a href=\"http:\/\/www.profil-environnement.rhonealpes.fr\/accueil.html\" target=\"_blank\"><img loading=\"lazy\" class=\"alignleft size-full wp-image-1317\" alt=\"Profil_env_RA\" src=\"http:\/\/www.pedagorisk.net\/enseignants\/wp-content\/uploads\/2012\/11\/Profil_env_RA.gif\" width=\"150\" height=\"107\" \/>Profil environnement Rh\u00f4ne-Alpes<\/a> a pour ambition d&rsquo;informer et sensibiliser sur la situation et les enjeux de l&rsquo;environnement en Rh\u00f4ne-Alpes. La rubrique \u00ab\u00a0Enjeux\u00a0\u00bb pr\u00e9sente les trois axes de la politique de pr\u00e9vention et de gestion des risques.<\/p>\n<p>&nbsp;<\/p>\n<p>&nbsp;<\/p>\n<p>&nbsp;<\/p>\n<p><a href=\"http:\/\/www.planseisme.fr\/\" target=\"_blank\"><img loading=\"lazy\" class=\"alignleft size-full wp-image-1131\" alt=\"plan_seisme\" src=\"http:\/\/www.pedagorisk.net\/enseignants\/wp-content\/uploads\/2012\/11\/plan_seisme1.jpg\" width=\"150\" height=\"101\" \/>Le Plan s\u00e9isme<\/a> est un programme national de <strong>pr\u00e9vention du risque sismique.<\/strong> Le site permet de d\u00e9couvrir ou d&rsquo;approfondir ses connaissances sur les s\u00e9ismes et les tsunamis.<\/p>\n<p>&nbsp;<\/p>\n<p>&nbsp;<\/p>\n<p>&nbsp;<\/p>\n<p><img loading=\"lazy\" class=\"alignleft size-full wp-image-1134\" alt=\"prev_incendies_foret\" src=\"http:\/\/www.pedagorisk.net\/enseignants\/wp-content\/uploads\/2012\/11\/prev_incendies_foret.jpg\" width=\"150\" height=\"99\" \/>Le site de la <a href=\"http:\/\/www.prevention-incendie-foret.com\/index.php\" target=\"_blank\">Campagne de Pr\u00e9vention des Incendies de For\u00eat<\/a> a pour objectif d&rsquo;informer le public sur le risque Incendie en territoire M\u00e9diterran\u00e9en, et plus particuli\u00e8rement dans les 15 d\u00e9partements partenaires de l&rsquo;Entente pour la for\u00eat M\u00e9diterran\u00e9enne.<\/p>\n<p>&nbsp;<\/p>\n<p>&nbsp;<\/p>\n<p>&nbsp;<\/p>\n<p><img loading=\"lazy\" class=\"alignleft size-full wp-image-1136\" alt=\"prev_incendies_foret_agri\" src=\"http:\/\/www.pedagorisk.net\/enseignants\/wp-content\/uploads\/2012\/11\/prev_incendies_foret_agri.jpg\" width=\"150\" height=\"100\" \/>Les quatre grands types d\u2019actions de <a href=\"http:\/\/agriculture.gouv.fr\/prevention-des-incendies\" target=\"_blank\">la politique de pr\u00e9vention des incendies de for\u00eat <\/a>men\u00e9e par le minist\u00e8re de l\u2019agriculture, de l\u2019agroalimentaire et de la for\u00eat.<\/p>\n<p>&nbsp;<\/p>\n<p>&nbsp;<\/p>\n<p>&nbsp;<\/p>\n<p>&nbsp;<\/p>\n<p>&nbsp;<\/p>\n<p><a href=\"http:\/\/crdp.ac-amiens.fr\/textesofficielsedd\/index.php\/risques-majeurs\/1144-prevention-de-risques-majeurs-dans-les-territoires-francais\" target=\"_blank\"><img loading=\"lazy\" class=\"alignleft size-full wp-image-1126\" alt=\"crdp_amiens_rm\" src=\"http:\/\/www.pedagorisk.net\/enseignants\/wp-content\/uploads\/2012\/11\/crdp_amiens_rm1.jpg\" width=\"150\" height=\"101\" \/>La pr\u00e9vention des risques majeurs dans les territoires fran\u00e7ais<\/a>\u00a0: le CRDP de l&rsquo;Acad\u00e9mie d&rsquo;Amiens oriente vers des ressources en relation avec le d\u00e9veloppement durable : Sant\u00e9 publique, pr\u00e9vention et gestion des risques : population expos\u00e9e aux risques d&rsquo;inondation, densit\u00e9 des \u00e9tablissements industriels \u00e0 risques, la qualit\u00e9 de l&rsquo;air&#8230;<\/p>\n<p>&nbsp;<\/p>\n<p>&nbsp;<\/p>\n<p>&nbsp;<\/p>\n<p><span style=\"text-decoration: underline;\"><strong>La ma\u00eetrise de l&rsquo;urbanisation et les Plans de pr\u00e9vention des risques<\/strong> <\/span><\/p>\n<p>&nbsp;<\/p>\n<p><a href=\"http:\/\/www.developpement-durable.gouv.fr\/Reglementation-et-plan-de,24012.html\" target=\"_blank\"><img loading=\"lazy\" class=\"alignleft size-full wp-image-1151\" alt=\"medde_prevention_risque\" src=\"http:\/\/www.pedagorisk.net\/enseignants\/wp-content\/uploads\/2012\/11\/medde_prevention_risque4.jpg\" width=\"150\" height=\"101\" \/>Les Plans de pr\u00e9vention des risques naturels<\/a> (PPRN)<\/p>\n<p>&nbsp;<\/p>\n<p>&nbsp;<\/p>\n<p>&nbsp;<\/p>\n<p>&nbsp;<\/p>\n<p><a href=\"http:\/\/www.irma-grenoble.com\/04risques_rhone_alpes\/01atlas_region_index.php\" target=\"_blank\"><img loading=\"lazy\" class=\"alignleft size-full wp-image-1078\" alt=\"irma_atlas\" src=\"http:\/\/www.pedagorisk.net\/enseignants\/wp-content\/uploads\/2012\/11\/irma_atlas6.jpg\" width=\"150\" height=\"101\" \/><\/a>Cartographie des diff\u00e9rents <a href=\"http:\/\/www.irma-grenoble.com\/04risques_rhone_alpes\/01atlas_region_index.php\" target=\"_blank\">PPR et des PPRT en <strong>Rh\u00f4ne-Alpes<\/strong><\/a> sur le site de l&rsquo;IRMa<\/p>\n<p>&nbsp;<\/p>\n<p>&nbsp;<\/p>\n<p>&nbsp;<\/p>\n<p>&nbsp;<\/p>\n<p><img loading=\"lazy\" class=\"alignleft size-full wp-image-1147\" alt=\"ppr_prim\" src=\"http:\/\/www.pedagorisk.net\/enseignants\/wp-content\/uploads\/2012\/11\/ppr_prim.jpg\" width=\"150\" height=\"101\" \/>Carte des PPR et de leur <a href=\"http:\/\/www.risquesmajeurs.fr\/les-plans-de-prevention-des-risques-naturels-ppr\" target=\"_blank\">r\u00e9partition g\u00e9ographique<\/a>.<\/p>\n<p>&nbsp;<\/p>\n<p>&nbsp;<\/p>\n<p>&nbsp;<\/p>\n<p>&nbsp;<\/p>\n<p>Consulter les Plans de Pr\u00e9vention des Risques (PPR) naturels pr\u00e9visibles approuv\u00e9s \u00e0 <a href=\"http:\/\/www.reunion.developpement-durable.gouv.fr\/les_grands_dossiers\/rnr\/ppr\/consulter\/consulter.htm\" target=\"_blank\">La R\u00e9union.<\/a><\/p>\n<p>&nbsp;<\/p>\n<p>&nbsp;<\/p>\n<p><a href=\"http:\/\/www.developpement-durable.gouv.fr\/Maitrise-de-l-urbanisation-PPRT,12775.html\" target=\"_blank\"><img loading=\"lazy\" class=\"alignleft size-full wp-image-893\" alt=\"medde_prevention_risque\" src=\"http:\/\/www.pedagorisk.net\/enseignants\/wp-content\/uploads\/2012\/11\/medde_prevention_risque1.jpg\" width=\"150\" height=\"101\" \/>Les Plans de pr\u00e9vention des risques technologiques : les PPRT<\/a> (Plans de pr\u00e9vention des risques technologiques). Conna\u00eetre la r\u00e9glementation, le contenu d&rsquo;un PPRT, le r\u00f4le des diff\u00e9rents acteurs&#8230; Un film de 15 mn pr\u00e9sente la d\u00e9marche et les enjeux li\u00e9s aux PPRT.<\/p>\n<p>&nbsp;<\/p>\n<p>&nbsp;<\/p>\n<p>&nbsp;<\/p>\n<p><img loading=\"lazy\" class=\"alignleft size-full wp-image-1162\" alt=\"pprt_ra\" src=\"http:\/\/www.pedagorisk.net\/enseignants\/wp-content\/uploads\/2012\/11\/pprt_ra.jpg\" width=\"150\" height=\"101\" \/>Consulter l&rsquo;\u00e9tat d&rsquo;avancement des PPRT en <strong>Rh\u00f4ne-Alpes<\/strong>, comprendre la d\u00e9marche d&rsquo;\u00e9laboration et consulter les dossiers de chaque plan sur le site des <a href=\"http:\/\/www.clic-rhonealpes.com\/\" target=\"_blank\">CLIC &amp; PPRT en Rh\u00f4ne-Alpes.<\/a><\/p>\n<p>&nbsp;<\/p>\n<p>&nbsp;<\/p>\n<p>&nbsp;<\/p>\n<p>&nbsp;<\/p>\n<p><a href=\"http:\/\/www.lesbonsreflexes.com\/\" target=\"_blank\"> <img loading=\"lazy\" class=\"alignleft size-full wp-image-1422\" alt=\"Les_bons_reflexes\" src=\"http:\/\/www.pedagorisk.net\/enseignants\/wp-content\/uploads\/2012\/11\/Les_bons_reflexes.jpg\" width=\"150\" height=\"105\" \/><\/a>Le site officiel de <a href=\"http:\/\/www.lesbonsreflexes.com\/index.php\" target=\"_blank\">la campagne d&rsquo;information 2013 en Rh\u00f4ne-Alpes<\/a> sur les <strong>risques industriels<\/strong> met \u00e0 disposition l&rsquo;ensemble des supports et m\u00e9dias utilis\u00e9s (grand public et scolaires) : \u00e9couter le signal d&rsquo;alerte et de fin d&rsquo;alerte, t\u00e9l\u00e9charger le dessin anim\u00e9 \u00ab\u00a0Arlette, la tortue d\u2019alerte\u00a0\u00bb, jouer au Serious Game @.L.E.R.T.E&#8230; Une rubrique est tout sp\u00e9cialement d\u00e9di\u00e9e aux <a href=\"http:\/\/www.lesbonsreflexes.com\/ressources-enseignants.html\" target=\"_blank\">ressources pour les enseignants.<\/a><\/p>\n<p>&nbsp;<\/p>\n<p>&nbsp;<\/p>\n<p>&nbsp;<\/p>\n<p>&nbsp;<\/p>\n<p><img loading=\"lazy\" class=\"alignleft size-full wp-image-1158\" alt=\"pprt_national\" src=\"http:\/\/www.pedagorisk.net\/enseignants\/wp-content\/uploads\/2012\/11\/pprt_national.jpg\" width=\"150\" height=\"100\" \/>Le site national de l&rsquo;<a href=\"http:\/\/www.installationsclassees.developpement-durable.gouv.fr\/-Site-national-PPRT-.html\" target=\"_blank\">Inspection des Installations Class\u00e9es<\/a> permet d\u2019acc\u00e9der aux sites internet r\u00e9gionaux d\u00e9di\u00e9s \u00e0 l\u2019information sur les plans de pr\u00e9vention des risques technologiques (PPRT) et \u00e0 leur \u00e9tat d&rsquo;avancement.<\/p>\n<p>&nbsp;<\/p>\n<p>&nbsp;<\/p>\n<p>&nbsp;<\/p>\n<p><img loading=\"lazy\" class=\"alignleft size-full wp-image-1155\" alt=\"medde_seveso\" src=\"http:\/\/www.pedagorisk.net\/enseignants\/wp-content\/uploads\/2012\/11\/medde_seveso.jpg\" width=\"150\" height=\"101\" \/>Comprendre la nouvelle <a href=\"http:\/\/www.developpement-durable.gouv.fr\/La-directive-SEVESO-3-pour-une.html\" target=\"_blank\">Directive Seveso 3<\/a> pour une pr\u00e9vention des risques industriels majeurs.<\/p>\n<p>&nbsp;<\/p>\n<p>&nbsp;<\/p>\n<p>&nbsp;<\/p>\n<p>&nbsp;<\/p>\n<p><a href=\"http:\/\/www.lorraine.developpement-durable.gouv.fr\/6-les-plans-de-preventions-des-r1588.html\" target=\"_blank\"><img loading=\"lazy\" class=\"alignleft size-full wp-image-1167\" alt=\"pprm_dreal_lorraine\" src=\"http:\/\/www.pedagorisk.net\/enseignants\/wp-content\/uploads\/2012\/11\/pprm_dreal_lorraine.jpg\" width=\"150\" height=\"101\" \/><\/a><a href=\"http:\/\/www.lorraine.developpement-durable.gouv.fr\/6-les-plans-de-preventions-des-r1588.html\" target=\"_blank\">Les plans de pr\u00e9vention des risques miniers<\/a> ou PPRM.<\/p>\n<h2><\/h2>\n<p>&nbsp;<\/p>\n<p>&nbsp;<\/p>\n<p>&nbsp;<\/p>\n<p>&nbsp;<\/p>\n<p><span style=\"text-decoration: underline;\"><strong>Planification et gestion de crise<\/strong><\/span><\/p>\n<p>&nbsp;<\/p>\n<p><a href=\"http:\/\/www.interieur.gouv.fr\/Le-ministere\/La-Securite-civile\" target=\"_blank\"><img loading=\"lazy\" class=\"alignleft size-full wp-image-1140\" alt=\"plani_crise_mi\" src=\"http:\/\/www.pedagorisk.net\/enseignants\/wp-content\/uploads\/2012\/11\/plani_crise_mi.jpg\" width=\"150\" height=\"101\" \/>Le minist\u00e8re de l&rsquo;Int\u00e9rieur<\/a> intervient dans la pr\u00e9paration et la gestion des crises.<\/p>\n<p>&nbsp;<\/p>\n<p>&nbsp;<\/p>\n<p>&nbsp;<\/p>\n<p>&nbsp;<\/p>\n","protected":false},"excerpt":{"rendered":"<p>&nbsp; La politique de pr\u00e9vention des risques en France : Le minist\u00e8re de l\u2019\u00c9cologie, du D\u00e9veloppement durable et de l\u2019Energie (MEDDE)\u00a0 intervient principalement pour la pr\u00e9vention, la protection, la r\u00e9duction des risques et l\u2019information pr\u00e9ventive. &nbsp; &nbsp; La r\u00e9duction de la vuln\u00e9rabilit\u00e9 associ\u00e9e \u00e0 des mesures de protection, est une \u2026 <a href=\"http:\/\/www.pedagorisk.net\/enseignants\/college\/les-actions-de-prevention\/\"> Continue reading <span class=\"meta-nav\">&rarr; <\/span><\/a><\/p>\n","protected":false},"author":1,"featured_media":0,"parent":49,"menu_order":6,"comment_status":"closed","ping_status":"closed","template":"","meta":[],"_links":{"self":[{"href":"http:\/\/www.pedagorisk.net\/enseignants\/wp-json\/wp\/v2\/pages\/259"}],"collection":[{"href":"http:\/\/www.pedagorisk.net\/enseignants\/wp-json\/wp\/v2\/pages"}],"about":[{"href":"http:\/\/www.pedagorisk.net\/enseignants\/wp-json\/wp\/v2\/types\/page"}],"author":[{"embeddable":true,"href":"http:\/\/www.pedagorisk.net\/enseignants\/wp-json\/wp\/v2\/users\/1"}],"replies":[{"embeddable":true,"href":"http:\/\/www.pedagorisk.net\/enseignants\/wp-json\/wp\/v2\/comments?post=259"}],"version-history":[{"count":50,"href":"http:\/\/www.pedagorisk.net\/enseignants\/wp-json\/wp\/v2\/pages\/259\/revisions"}],"predecessor-version":[{"id":788,"href":"http:\/\/www.pedagorisk.net\/enseignants\/wp-json\/wp\/v2\/pages\/259\/revisions\/788"}],"up":[{"embeddable":true,"href":"http:\/\/www.pedagorisk.net\/enseignants\/wp-json\/wp\/v2\/pages\/49"}],"wp:attachment":[{"href":"http:\/\/www.pedagorisk.net\/enseignants\/wp-json\/wp\/v2\/media?parent=259"}],"curies":[{"name":"wp","href":"https:\/\/api.w.org\/{rel}","templated":true}]}}