{"id":252,"date":"2012-11-27T11:30:11","date_gmt":"2012-11-27T10:30:11","guid":{"rendered":"http:\/\/www.pedagorisk.net\/enseignants\/?page_id=252"},"modified":"2012-12-18T14:21:32","modified_gmt":"2012-12-18T13:21:32","slug":"les-consignes-de-securite","status":"publish","type":"page","link":"http:\/\/www.pedagorisk.net\/enseignants\/college\/les-consignes-de-securite\/","title":{"rendered":"Les consignes de s\u00e9curit\u00e9"},"content":{"rendered":"<p>&nbsp;<\/p>\n<p>&nbsp;<\/p>\n<p style=\"text-align: left;\">Vous trouverez l&rsquo;ensemble des consignes de s\u00e9curit\u00e9 dans l&rsquo;outil  <a title=\"Consignes de s\u00e9curit\u00e9\" href=\"http:\/\/www.pedagorisk.net\/enseignants\/?p=26\">Consignes de s\u00e9curit\u00e9<\/a>.<\/p>\n","protected":false},"excerpt":{"rendered":"<p>&nbsp; &nbsp; Vous trouverez l&rsquo;ensemble des consignes de s\u00e9curit\u00e9 dans l&rsquo;outil Consignes de s\u00e9curit\u00e9.<\/p>\n","protected":false},"author":1,"featured_media":0,"parent":49,"menu_order":5,"comment_status":"closed","ping_status":"closed","template":"","meta":[],"_links":{"self":[{"href":"http:\/\/www.pedagorisk.net\/enseignants\/wp-json\/wp\/v2\/pages\/252"}],"collection":[{"href":"http:\/\/www.pedagorisk.net\/enseignants\/wp-json\/wp\/v2\/pages"}],"about":[{"href":"http:\/\/www.pedagorisk.net\/enseignants\/wp-json\/wp\/v2\/types\/page"}],"author":[{"embeddable":true,"href":"http:\/\/www.pedagorisk.net\/enseignants\/wp-json\/wp\/v2\/users\/1"}],"replies":[{"embeddable":true,"href":"http:\/\/www.pedagorisk.net\/enseignants\/wp-json\/wp\/v2\/comments?post=252"}],"version-history":[{"count":4,"href":"http:\/\/www.pedagorisk.net\/enseignants\/wp-json\/wp\/v2\/pages\/252\/revisions"}],"predecessor-version":[{"id":695,"href":"http:\/\/www.pedagorisk.net\/enseignants\/wp-json\/wp\/v2\/pages\/252\/revisions\/695"}],"up":[{"embeddable":true,"href":"http:\/\/www.pedagorisk.net\/enseignants\/wp-json\/wp\/v2\/pages\/49"}],"wp:attachment":[{"href":"http:\/\/www.pedagorisk.net\/enseignants\/wp-json\/wp\/v2\/media?parent=252"}],"curies":[{"name":"wp","href":"https:\/\/api.w.org\/{rel}","templated":true}]}}